factors of 12087237.
3, 79, 51001
What are the prime factors of 20973978?
2, 3, 129469
List the prime factors of 2564920.
2, 5, 64123
What are the prime factors of 109054?
2, 11, 4957
List the prime factors of 629226.
2, 3, 13, 2689
List the prime factors of 6708727.
17, 394631
What are the prime factors of 993592?
2, 124199
List the prime factors of 588905.
5, 19, 6199
List the prime factors of 3976110.
2, 3, 5, 44179
What are the prime factors of 288378?
2, 3, 37, 433
List the prime factors of 1843710.
2, 3, 5, 11, 37, 151
What are the prime factors of 5096242?
2, 593, 4297
List the prime factors of 7277614.
2, 23, 158209
What are the prime factors of 145803?
3, 7, 53, 131
List the prime factors of 4834975.
5, 37, 5227
List the prime factors of 16718194.
2, 23, 363439
What are the prime factors of 11673406?
2, 509, 11467
List the prime factors of 219048.
2, 3, 9127
List the prime factors of 1857997.
41, 45317
List the prime factors of 12752378.
2, 59, 67, 1613
What are the prime factors of 19451?
53, 367
What are the prime factors of 914456?
2, 151, 757
What are the prime factors of 17372?
2, 43, 101
What are the prime factors of 10751087?
1721, 6247
List the prime factors of 308243.
13, 131, 181
List the prime factors of 144135.
3, 5, 3203
List the prime factors of 14625275.
5, 7, 11939
What are the prime factors of 152991?
3, 89, 191
List the prime factors of 8637320.
2, 5, 181, 1193
List the prime factors of 2299253.
11, 43, 4861
What are the prime factors of 68628?
2, 3, 7, 19, 43
What are the prime factors of 7927?
7927
What are the prime factors of 131286?
2, 3, 21881
What are the prime factors of 12041316?
2, 3, 7, 71, 673
List the prime factors of 4654001.
11, 423091
List the prime factors of 1517156.
2, 379289
What are the prime factors of 965749?
965749
List the prime factors of 3066508.
2, 151, 5077
What are the prime factors of 88166?
2, 13, 3391
What are the prime factors of 1343799?
3, 17, 8783
List the prime factors of 153239.
293, 523
List the prime factors of 1803006.
2, 3, 173, 193
List the prime factors of 4462682.
2, 7, 19, 883
List the prime factors of 461180.
2, 5, 23059
List the prime factors of 861361.
861361
What are the prime factors of 392599?
392599
List the prime factors of 178573.
283, 631
List the prime factors of 732568.
2, 91571
List the prime factors of 305163.
3, 41, 827
List the prime factors of 110639.
31, 43, 83
What are the prime factors of 144925?
5, 11, 17, 31
List the prime factors of 203361.
3, 53, 1279
List the prime factors of 993828.
2, 3, 11, 7529
What are the prime factors of 574219?
574219
List the prime factors of 6350918.
2, 7, 453637
What are the prime factors of 98386?
2, 49193
List the prime factors of 18093878.
2, 11, 89, 9241
What are the prime factors of 977786?
2, 488893
What are the prime factors of 1669985?
5, 333997
List the prime factors of 339559.
11, 30869
List the prime factors of 803215.
5, 7, 53, 433
List the prime factors of 7515745.
5, 1503149
List the prime factors of 59809.
59809
What are the prime factors of 83087?
19, 4373
List the prime factors of 1870268.
2, 23, 29, 701
What are the prime factors of 1904652?
2, 3, 191, 277
What are the prime factors of 1024006?
2, 23, 113, 197
What are the prime factors of 148861?
148861
What are the prime factors of 8864435?
5, 47, 67, 563
What are the prime factors of 240342?
2, 3, 41, 977
What are the prime factors of 4907951?
17, 31, 67, 139
List the prime factors of 7597240.
2, 5, 7, 43, 631
List the prime factors of 7236257.
7, 1033751
What are the prime factors of 851520?
2, 3, 5, 887
What are the prime factors of 454049?
349, 1301
What are the prime factors of 880308?
2, 3, 11, 13, 19
List the prime factors of 286664.
2, 7, 5119
What are the prime factors of 709840?
2, 5, 19, 467
What are the prime factors of 2122380?
2, 3, 5, 13, 907
List the prime factors of 694047.
3, 231349
List the prime factors of 7213266.
2, 3, 31, 139
What are the prime factors of 639116?
2, 159779
What are the prime factors of 10769660?
2, 5, 11, 48953
List the prime factors of 227655.
3, 5, 5059
List the prime factors of 8465331.
3, 7, 491, 821
List the prime factors of 620998.
2, 7, 44357
List the prime factors of 1492002.
2, 3, 82889
List the prime factors of 412792.
2, 51599
List the prime factors of 12435363.
3, 153523
List the prime factors of 8290109.
37, 224057
List the prime factors of 6542035.
5, 139, 9413
List the prime factors of 17364702.
2, 3, 173, 16729
List the prime factors of 21061301.
1481, 14221
What are the prime factors of 443629?
443629
What are the prime factors of 1496267?
1496267
What are the prime factors of 11838999?
3, 59, 211, 317
List the prime factors of 472735.
5, 94547
What are the prime factors of 735110?
2, 5, 19, 53, 73
List the prime factors of 1316831.
1316831
What are the prime factors of 2102787?
3, 19, 4099
List the prime factors of 937479.
3, 19, 16447
List the prime factors of 112629.
3, 11, 3413
List the prime factors of 7063040.
2, 5, 31, 89
What are the prime factors of 8967239?
2819, 3181
What are the prime factors of 126939?
3, 17, 19, 131
What are the prime factors of 5948213?
1877, 3169
What are the prime factors of 17232937?
229, 75253
What are the prime factors of 28464173?
28464173
List the prime factors of 1764996.
2, 3, 147083
What are the prime factors of 6991186?
2, 457, 7649
What are the prime factors of 93233?
7, 19, 701
List the prime factors of 217272.
2, 3, 11, 823
List the prime factors of 2098574.
2, 67, 15661
What are the prime factors of 8428130?
2, 5, 842813
List the prime factors of 4122520.
2, 5, 23, 4481
List the prime factors of 181799.
137, 1327
List the prime factors of 1000836.
2, 3, 3089
What are the prime factors of 1402988?
2, 350747
List the prime factors of 25086466.
2, 12543233
List the prime factors of 3311932.
2, 13, 63691
List the prime factors of 458502.
2, 3, 11, 6947
List the prime factors of 448710.
2, 3, 5, 14957
What are the prime factors of 57241?
57241
List the prime factors of 143439.
3, 137, 349
What are the prime factors of 1064401?
13, 41, 1997
What are the prime factors of 26170738?
2, 11, 1189579
What are the prime factors of 195814?
2, 19, 5153
List the prime factors of 6174008.
2, 79, 9769
What are the prime factors of 54127?
113, 479
List the prime factors of 127458.
2, 3, 73, 97
List the prime factors of 6984267.
3, 19, 6449
List the prime factors of 1364068.
2, 341017
List the prime factors of 1666212.
2, 3, 23, 6037
List the prime factors of 2025818.
2, 19, 89, 599
List the prime factors of 137413.
137413
What are the prime factors of 875603?
103, 8501
List the prime factors of 42073.
42073
List the prime factors of 490391.
11, 109, 409
List the prime factors of 324333.
3, 36037
List the prime factors of 707458.
2, 277, 1277
List the prime factors of 396644.
2, 17, 19, 307
List the prime factors of 18836526.
2, 3, 3139421
What are the prime factors of 944222?
2, 472111
What are the prime factors of 405118?
2, 7, 19, 1523
What are the prime factors of 1195239?
3, 239, 1667
What are the prime factors of 12917?
12917
List the prime factors of 675947.
23, 29389
What are the prime factors of 9956695?
5, 7, 284477
List the prime factors of 1996453.
1996453
List the prime factors of 247853.
247853
What are the prime factors of 44506?
2, 7, 11, 17
List the prime factors of 2653863.
3, 19, 46559
What are the prime factors of 1328007?
3, 67, 6607
What are the prime factors of 19982949?
3, 7, 41, 23209
What are the prime factors of 90963?
3, 1123
What are the prime factors of 16889747?
7, 2412821
List the prime factors of 4012134.
2, 3, 7, 95527
What are the prime factors of 701856?
2, 3, 2437
List the prime factors of 593096.
2, 7, 17, 89
List the prime factors of 573563.
17, 33739
What are the prime factors of 1015409?
1015409
List the prime factors of 147344.
2, 9209
List the prime factors of 20454773.
19, 29, 37123
What are the prime factors of 410679?
3, 45631
What are the prime factors of 3697528?
2, 462191
List the prime factors of 477278.
2, 238639
What are the prime factors of 166740?
2, 3, 5, 7, 397
List the prime factors of 16518844.
2, 197, 20963
List the prime factors of 212728.
2, 26591
List the prime factors of 5499271.
677, 8123
What are t